{"id":183,"date":"2014-07-22T14:42:20","date_gmt":"2014-07-22T14:42:20","guid":{"rendered":"http:\/\/doublecreme.net\/?page_id=183"},"modified":"2015-10-25T00:32:20","modified_gmt":"2015-10-24T22:32:20","slug":"courrier-des-lecteurs","status":"publish","type":"page","link":"https:\/\/doublecreme.net\/?page_id=183","title":{"rendered":"Courriers presse"},"content":{"rendered":"<p><strong>Sommes-nous tous Charlie Hebdo\u00a0?\u00a0<\/strong>(9.1.2015)<\/p>\n<p>Le massacre du personnel de Charlie Hebdo, \u00e0 proprement parler, ne constitue pas une attaque \u00e0 nos libert\u00e9s fondamentales. La seule entit\u00e9 \u00e9tant \u00e0 m\u00eame de menacer ces derni\u00e8res, en effet, reste l\u2019Etat, contre qui elles nous prot\u00e8gent.<\/p>\n<p>Le drame de Charlie Hebdo repr\u00e9sente bien plut\u00f4t la vengeance d\u2019extr\u00e9mistes religieux, \u00e0 l\u2019action meurtri\u00e8re, envers d\u2019autres extr\u00e9mistes non violents de la libert\u00e9 d\u2019expression.<\/p>\n<p>A cet \u00e9gard, on ne saurait oublier que le choix de cette cible, trouve sa source dans une offense qui touche une certaine frange de la population musulmane. A ce titre, il est bon de rappeler que depuis 15 ans, les 57 pays de l\u2019Organisation de la conf\u00e9rence islamique (OCI) cherchent \u00e0 obtenir du Conseil des droits de l\u2019Homme de l\u2019ONU, que la diffamation des religions soit trait\u00e9e sur pied d\u2019\u00e9galit\u00e9 avec l\u2019incitation \u00e0 la haine raciale (voir <em>Le Temps<\/em>, 9.1.2015).<\/p>\n<p>Ainsi, proclamer aujourd\u2019hui\u00a0\u2018Je suis Charlie\u2019, c\u2019est aussi couper court au d\u00e9bat sur l\u2019int\u00e9gration des cultures en prenant une position tranch\u00e9e, et en particulier faire savoir \u00e0 certaines minorit\u00e9s que notre conception des libert\u00e9s fondamentales ne prend pas en compte leur sensibilit\u00e9.<\/p>\n<p>&nbsp;<\/p>\n<p><strong>Sauver la presse romande\u00a0<\/strong>(6.7.2014, pour <em>L<\/em><em>e Temps<\/em>, non paru)<\/p>\n<p>La loi \u00e9conomique fait qu\u2019aujourd\u2019hui, le sort du quotidien que vous tenez entre vos mains, pilier de la presse romande, se d\u00e9cide \u00e0 Zurich. Par des instances dont le visage, en la personne du CEO du groupe Ringier, a parachev\u00e9 son parcours \u00e0 la Harvard Business School. Ce qui semble \u00eatre r\u00e9serv\u00e9 au Temps\u00a0? Une mise \u00e0 l\u2019\u00e9cart polie du Cercle de ses lecteurs, et un \u00ab\u00a0rapprochement\u00a0\u00bb avec l\u2019Hebdo.<\/p>\n<p>Une telle perspective est inqui\u00e9tante. En effet, on ne peut souhaiter au Temps qu\u2019il s\u2019inspire d\u2019un titre qui, en pratiquant une politique de promotions et d\u2019abonnements agressive, emprunte aujourd\u2019hui la voie du quasi-gratuit. Un mod\u00e8le qui implique l\u2019externalisation d\u2019une partie du travail r\u00e9dactionnel, et une large place r\u00e9serv\u00e9e aux dossiers \u00ab\u00a0meilleures adresses\u00a0\u00bb et autres guides \u00e0 usage pratique.<\/p>\n<p>Sommes-nous devenus impuissants devant la course folle \u00e0 la \u00ab\u00a0pr\u00e9sence sur Internet\u00a0\u00bb et la tendance centralisatrice des entit\u00e9s \u00e9conomiques\u00a0? Ou la Suisse romande est-elle capable d\u2019entretenir un organe de presse, pourvoyeur d\u2019analyses de fond et ind\u00e9pendant\u00a0? Le bail des locaux du Temps \u00e0 la gare de Gen\u00e8ve, apprend-on, aurait \u00e9t\u00e9 r\u00e9sili\u00e9. Peut-\u00eatre le Cercle des Amis du Temps ferait-il bien de le reprendre, et les occupants actuels d\u2019y rester. Un nouveau quotidien pour la Suisse romande\u00a0? Il en va de la sant\u00e9 de notre d\u00e9mocratie.<b><br \/>\n<\/b><\/p>\n<p>&nbsp;<\/p>\n<p><strong>Sensibilit\u00e9 artistique<\/strong> (paru le\u00a011.12.08 dans <em>Le Temps<\/em>, et le 8.12.2008 dans <em>24Heures<\/em>)<\/p>\n<p>Les Vaudois sont avides d&#8217;art. La taille du budget culturel de la Ville de Lausanne, ainsi que la densit\u00e9 de festivals et autres manifestations \u00e0 travers le canton, \u00e0 proportions \u00e9gales s\u00fbrement sans \u00e9quivalent en Europe, en sont la preuve.<\/p>\n<p>Deux projets \u00e9chou\u00e9s, frappants par leur ressemblance, montrent qu&#8217;il est un aspect de cette sensibilit\u00e9 que les autorit\u00e9s publiques n\u00e9gligent dans leur gestion des affaires culturelles: un sens esth\u00e9tique nourri par la proximit\u00e9 des paysages, lacustres en l&#8217;occurrence.<\/p>\n<p>En 2003, le projet Blur \u00e0 Yverdon-les-Bains visait \u00e0 recycler la structure du nuage artificiel d&#8217;Expo.02. Erig\u00e9 sur le lac, un b\u00e2timent aurait abrit\u00e9 le Mus\u00e9e de la science-fiction. Tout comme le projet du mus\u00e9e de Bellerive, son architecture \u00e9tait controvers\u00e9e; il donna lieu \u00e0 une effervescence populaire in\u00e9dite et fut rejet\u00e9 en votation par les Yverdonnois.<\/p>\n<p>Ainsi, \u00e0 l&#8217;heure o\u00f9 les politiques s&#8217;attellent \u00e0 d\u00e9m\u00ealer les motifs du rejet populaire de la version Ying Yang du Mus\u00e9e des beaux-arts (LT du 1er d\u00e9cembre), le caract\u00e8re d\u00e9cisif de l&#8217;aspect paysager s&#8217;impose. [&#8230;]<\/p>\n<p>Il est permis de penser que si le canton de Vaud avait pr\u00e9sent\u00e9 un projet quelque peu en retrait des rives du lac L\u00e9man, la r\u00e9alisation du futur mus\u00e9e cantonal des beaux-arts serait actuellement chose acquise. L\u00e0 o\u00f9 certains s&#8217;imaginent voir dans ce r\u00e9cent rejet populaire \u00abd\u00e9fiance\u00bb, \u00abressentiments\u00bb et \u00abm\u00e9fiances\u00bb, les personnes charg\u00e9es du futur projet feraient bien de garder en t\u00eate que l&#8217;objet esth\u00e9tique ayant le plus de valeur aux yeux des Vaudois, et qu&#8217;ils ne sacrifieront pour aucune \u0153uvre d&#8217;art, ce sont leurs paysages naturels. Et en particulier \u00ables vues du L\u00e9man\u00bb que nombre de peintres paysagistes ont, au cours des si\u00e8cles, inlassablement reproduites et dont le futur mus\u00e9e entend mettre les \u0153uvres en valeur&#8230;<\/p>\n<p>&nbsp;<\/p>\n<p><strong>Espace\u00a0\u00ab\u00a0 d\u2019Ailleurs\u00a0\u00bb\u00a0: une question d\u2019images<\/strong> (paru en ao\u00fbt 2003 dans <em>La\u00a0Presse Nord vaudois<\/em> et dans <em>24Heures<\/em>)<\/p>\n<p>Nous, habitants d\u2019Yverdon-les-Bains, jouissons d\u2019un cadre de vie exceptionnel. Ainsi nous est offert aux abords directs de notre cit\u00e9 un espace vert touchant \u00e0 la seule embouchure de lac de Suisse qui ait \u00e9t\u00e9 \u00e9pargn\u00e9e par l\u2019urbanisation\u00a0; de ces rives nous est r\u00e9serv\u00e9e une perspective unique sur le spectacle intact de l\u2019eau, des rives et des montagnes.<\/p>\n<p>De longue date, les autorit\u00e9s r\u00e9fl\u00e9chissent \u00e0 un r\u00e9am\u00e9nagement du site qui encouragerait davantage d\u2019Yverdonnois \u00e0 venir profiter de ce paysage, qui rendrait le lieu plus vivant.<\/p>\n<p>Expo.02 l\u2019ann\u00e9e pass\u00e9e, par le biais de quelques-unes de ses installations, nous a donn\u00e9 quelques pistes en nous faisant r\u00e9aliser qu\u2019il suffisait de peu de choses pour attirer la population au bord du lac\u00a0: un bar, quelques concerts et spectacles dans des infrastructures modestes (le Bar Rouge et la Sc\u00e8ne des Etoiles) permettant, notamment, \u00e0 de nombreux Yverdonnois de se produire.<\/p>\n<p>Aujourd\u2019hui, la Municipalit\u00e9 rate le coche en concentrant ses forces sur un projet qui a la maladresse d\u2019une part de ne pas tenir compte de cette r\u00e9alit\u00e9, d\u2019autre part de d\u00e9pr\u00e9cier ce paysage unique.<\/p>\n<p>En \u00e9change de ce sacrifice, elle entend nous offrir une \u00ab\u00a0ic\u00f4ne\u00a0\u00bb, fleuron de l\u2019architecture contemporaine, v\u00e9ritable attraction touristique dont elle compare volontiers la notori\u00e9t\u00e9 internationale \u00e0 celle du Cervin ou celle du Jet d\u2019eau de Gen\u00e8ve (texto dans ses pr\u00e9avis).<\/p>\n<p>Si la Municipalit\u00e9 s\u2019applique avec tant de z\u00e8le \u00e0 aur\u00e9oler ce qui n\u2019est finalement qu\u2019un recyclage ind\u00e9fini (aucun projet architectural concret \u00e0 ce jour, hormis celui de deux containers sur une plate-forme, quasi-unanimement d\u00e9cri\u00e9 et vite retir\u00e9) du squelette du feu nuage Blur, c\u2019est qu\u2019elle y entrevoit l\u2019opportunit\u00e9 d\u2019attirer sur terres yverdonnoises l\u2019Agence Spatiale Europ\u00e9enne et sa manne financi\u00e8re, laquelle serait \u00ab\u00a0int\u00e9ress\u00e9e\u00a0\u00bb par la structure.<\/p>\n<p>L\u00e0 encore, le r\u00f4le et l\u2019apport concrets de cette institution restent tout \u00e0 fait flous, comme nous l\u2019ont fait comprendre les \u00ab\u00a0On peut imaginer que&#8230;\u00a0\u00bb revenant sans cesse sur les l\u00e8vres des promoteurs du projet participant \u00e0 un r\u00e9cent d\u00e9bat sur Canal NV.<\/p>\n<p>Il serait souhaitable de r\u00e9tablir le cap. De r\u00e9fl\u00e9chir \u00e0 un r\u00e9am\u00e9nagement des rives du lac qui mette v\u00e9ritablement en valeur le site et qui profite r\u00e9ellement aux Yverdonnois, comme ce fut le cas l\u2019\u00e9t\u00e9 pass\u00e9. De faire redescendre nos \u00e9lus sur terre, lesquels, peut-\u00eatre un peu trop obnubil\u00e9s par le prestige de leur nouvel interlocuteur (l\u2019ESA), ambitionnent de faire de notre ville une nouvelle Zermatt ou Lucerne, en colonisant notre lac et en nous offrant un parking de 600 places en guise de r\u00e9am\u00e9nagement de ses rives.<\/p>\n<p>Votez non.<\/p>\n","protected":false},"excerpt":{"rendered":"<p>Sommes-nous tous Charlie Hebdo\u00a0?\u00a0(9.1.2015) Le massacre du personnel de Charlie Hebdo, \u00e0 proprement parler, ne constitue pas une attaque \u00e0 nos libert\u00e9s fondamentales. La seule entit\u00e9 \u00e9tant \u00e0 m\u00eame de menacer ces derni\u00e8res, en effet, reste l\u2019Etat, contre qui elles nous prot\u00e8gent. Le drame de Charlie Hebdo repr\u00e9sente bien plut\u00f4t la vengeance d\u2019extr\u00e9mistes religieux, \u00e0 [&hellip;]<\/p>\n","protected":false},"author":1,"featured_media":0,"parent":0,"menu_order":0,"comment_status":"closed","ping_status":"closed","template":"","meta":{"_s2mail":"yes","footnotes":""},"class_list":["post-183","page","type-page","status-publish","hentry"],"_links":{"self":[{"href":"https:\/\/doublecreme.net\/index.php?rest_route=\/wp\/v2\/pages\/183","targetHints":{"allow":["GET"]}}],"collection":[{"href":"https:\/\/doublecreme.net\/index.php?rest_route=\/wp\/v2\/pages"}],"about":[{"href":"https:\/\/doublecreme.net\/index.php?rest_route=\/wp\/v2\/types\/page"}],"author":[{"embeddable":true,"href":"https:\/\/doublecreme.net\/index.php?rest_route=\/wp\/v2\/users\/1"}],"replies":[{"embeddable":true,"href":"https:\/\/doublecreme.net\/index.php?rest_route=%2Fwp%2Fv2%2Fcomments&post=183"}],"version-history":[{"count":12,"href":"https:\/\/doublecreme.net\/index.php?rest_route=\/wp\/v2\/pages\/183\/revisions"}],"predecessor-version":[{"id":220,"href":"https:\/\/doublecreme.net\/index.php?rest_route=\/wp\/v2\/pages\/183\/revisions\/220"}],"wp:attachment":[{"href":"https:\/\/doublecreme.net\/index.php?rest_route=%2Fwp%2Fv2%2Fmedia&parent=183"}],"curies":[{"name":"wp","href":"https:\/\/api.w.org\/{rel}","templated":true}]}}